er?
False
Suppose -7999 - 2517 = -4*l. Is l composite?
True
Suppose -3*t = 4*q - 6*t - 23, t = -5. Suppose -q*i - 3*p = -38, -2*i = -3*i + 5*p + 32. Is i a prime number?
False
Let c(j) = -7*j - 6. Let g be c(8). Let y = -13 - g. Is y composite?
True
Suppose 3*x + 124 - 13 = 0. Let c = x - -88. Is c prime?
False
Is (-3)/((-3 + 1)/62) a prime number?
False
Let a(v) = 22 - 47 + 16 + 5*v. Let l be (-50)/(-8) - 2/8. Is a(l) a prime number?
False
Is ((-10054)/8)/(2/(-8)) a prime number?
False
Let j(d) = -3*d + 2. Let i be j(-5). Let v = i + -8. Is (3/v)/(3/1341) a prime number?
True
Let q = -6 - -4. Is 51 - (3 - 2)*q prime?
True
Let j(t) = t**2 + 1263. Let x be j(0). Suppose -x = -2*k - r, -k + 0*r - 3*r = -634. Is k composite?
False
Suppose -3*l + 92 = 335. Suppose -2*a + 636 = 2*a - 2*w, 0 = 5*a + 5*w - 810. Let i = a + l. Is i a composite number?
False
Let d be (-3)/(0 + (-3)/4). Suppose 0 = 6*l - 2*l + d. Is ((-2)/l)/(8/124) prime?
True
Suppose -s = -4*u + 14, -3*s = -2*s + 4*u - 18. Suppose -120 + 342 = s*k. Is k prime?
False
Let m(o) = 4*o**2 + 2*o - 1. Is m(-4) prime?
False
Is 8205/30*(2 - (-1 - -1)) a prime number?
True
Suppose 8 = 2*t, n - 4*n = 2*t - 257. Is n a prime number?
True
Let g(p) = -9*p. Let n be g(2). Let q be 4/n - 2/(-9). Suppose q = -3*c + 4*t + 500 + 107, c = -3*t + 211. Is c composite?
True
Let r = 3627 - 1788. Is r composite?
True
Let p be 12/(-30) - 814/(-10). Suppose -n = 12 + 36. Let g = n + p. Is g composite?
True
Let o = 760 + -223. Is o composite?
True
Suppose -d + 2*z = -349, 4*z - 714 = 2*d - 4*d. Is d composite?
False
Let r(j) = j**2 - 9*j + 6. Let b be r(7). Suppose 4*y - 8 = f + 6, -5*y + 7 = 4*f. Is f/4 + (-92)/b a prime number?
True
Suppose -17 = -l - 363. Let w = 599 + l. Is w prime?
False
Suppose 6*i - 1221 = 3*i. Is i a prime number?
False
Let g = -1 - -7. Suppose -q = -3*u + 58, -g*q = -3*u - 3*q + 66. Let v = u - 12. Is v composite?
True
Suppose 20 = 3*j + 2*j. Suppose 0 = k + 3*a - 14, -5*a = j*k - 7*k. Let w = k + -1. Is w prime?
False
Suppose -t + 80 = -0*t + 3*d, -t + 3*d = -50. Is t a composite number?
True
Is (-121814)/(-26) + 16/(-104) composite?
True
Let o = -75 - -28. Let c = 80 + o. Is c - (-3 + 0 + 1) prime?
False
Let s(p) = 5*p**2 - 12*p - 1. Is s(-8) a composite number?
True
Suppose 6*z - z - 450 = 0. Suppose 0*l + z = 3*l - 4*y, -12 = -4*y. Is l a prime number?
False
Suppose 10 = 2*z + 4*u, -5*z - 5*u = -32 + 2. Suppose -12 - z = -a. Suppose 0 = t - a - 0. Is t a composite number?
False
Let a = 92 - 35. Is a a prime number?
False
Let o = 3 - 0. Suppose -z + 4*s = -71, 0 = -o*z - 2*s - 0*s + 227. Suppose -2*m = -5*m + z. Is m a composite number?
True
Suppose -2*s = -s - 487. Is s a prime number?
True
Suppose -5*s + 2327 - 592 = 0. Is s a composite number?
False
Let l = 8 + -8. Suppose -3*u + q + 102 = 0, l = -5*u + 2*u + 3*q + 96. Is u prime?
False
Is 16 - (-3 - 0)/1 prime?
True
Let o be 0 + 3 + 285 + -2. Suppose -5*j = -99 - o. Is j prime?
False
Let t = 3 - 5. Let o be 1 + 0 - (t + 1). Is (0 - 96)/(-3) + o a composite number?
True
Let j(c) = -133*c + 8. Let q(o) = -o - 5. Let f be q(0). Is j(f) a composite number?
False
Is (-15)/10 + (-2391)/(-6) a prime number?
True
Suppose 0 = 5*l - 4*w - 7, -2*l - w + 4 = -2*w. Let u = l - -1. Let x = u - -17. Is x prime?
False
Let g be 75/(-10)*(-368)/10. Let q = -1 + 1. Suppose q = -0*t + 4*t - g. Is t a composite number?
True
Suppose -4*o = -2*o - 194. Let f = 26 + o. Is f prime?
False
Suppose -4*b - 5*c = -1, -3*b = -0*b - c - 15. Let a(g) = 13*g**2 - 5*g - 3. Is a(b) a composite number?
True
Is 728/6 - 1/3 composite?
True
Let g be (4 + -7)/(3/(-2)). Suppose -g*a = 2*a - 344. Is a composite?
True
Let g(n) be the second derivative of -7*n**5/20 - n**4/6 + 3*n**2/2 - 4*n. Is g(-4) prime?
True
Let q be 642/(-8) + (-4)/(-16). Let u = -40 - q. Suppose f + 132 = 4*j + u, j - 14 = -2*f. Is j prime?
False
Let i(o) = o + 5. Let r(t) = -t**2 + 5*t + 3. Let h be r(6). Let j be i(h). Suppose -3*n + 133 = j*u + 32, -3*u + 22 = n. Is n composite?
False
Let r(u) = u + 7. Let t be r(-4). Suppose 3*m + 18 = t*w, -3*w = -0*w - 5*m - 20. Suppose -4*b = w*y - 158, 2*y - 28 - 124 = -4*b. Is b prime?
True
Suppose 0 = -5*s - 25, -s = -2*a - 2*s + 4929. Is a a prime number?
True
Suppose b = 3*b + 28. Is (b/6)/((-2)/78) a prime number?
False
Let m = -6 + 28. Suppose 13 = -k + 1. Is m*(-3)/(k/26) a composite number?
True
Let u(g) = -g + 7. Let z be u(3). Suppose o + d + 5 + 1 = 0, 0 = -z*o - d - 24. Let r(x) = 3*x**2 + 6*x - 5. Is r(o) a composite number?
False
Let w(z) = z**3 - z**2 - 1. Let u be 2/(0 + 2 - 1). Is w(u) composite?
False
Suppose 0 = 6*y - 1337 - 3097. Is y prime?
True
Suppose 2*u = -u - 2*o + 4037, -u + 4*o + 1341 = 0. Is u composite?
True
Let m(n) = 2*n + 11. Let p be m(0). Suppose p*a - 9*a = 814. Is a composite?
True
Suppose -84*b = -89*b + 73825. Is b a prime number?
False
Suppose 0*k = 4*k - 996. Is k prime?
False
Suppose -4*f + 634 = -2*f. Is f composite?
False
Let a = 2 - -2. Let n be a + -2 - -5 - 3. Suppose 5*r - 3*j = 170, n*j = 3*r + j - 102. Is r a prime number?
False
Suppose -10 = 2*y, -4*y = 3*b - 124 - 78. Is b a prime number?
False
Suppose b = 2*v - b - 26, -5*b = 3*v + 1. Let a(o) = -6*o**2 - 7*o - 3 + 0*o**2 - 9*o + o**3 + 7*o. Is a(v) a prime number?
True
Suppose -x - m + 35 = 0, -82 = -0*x - 2*x + 2*m. Is x composite?
True
Is 1*(-1 - -213 - 1) composite?
False
Let g be (-2)/10 - (-6888)/15. Suppose -6*p = -p + 4*a - g, -3*p + 2*a = -271. Is p prime?
False
Suppose 5*t - 158 = -4*v + 4017, v = 0. Is t a composite number?
True
Let l be (-5)/(2/4*-2). Suppose l*t = t + 652. Is t a prime number?
True
Let j = 523 - 941. Let z = 625 + j. Suppose n = 2*l + 31, 0 = 5*n + l + 30 - z. Is n prime?
False
Is ((-1174)/(-3) - -4)*(-6)/(-4) composite?
False
Suppose -51 = -3*n - m, 85 = 5*n - 0*m + 2*m. Let g be (-10 + 6)/((-2)/37). Let y = n + g. Is y prime?
False
Let g be (2/5)/(6/30). Suppose -z + 618 = g*z - 3*s, 2*s - 854 = -4*z. Is z a composite number?
False
Suppose -5*r = -g + 2026, -3*g + 4686 = 2*r - 1477. Is g composite?
True
Let o(r) = -r**3 - 5*r**2 - 10*r. Let z be o(-9). Suppose 5*i - 41 = -4*d + 277, 5*d - 2*i = z. Is d a prime number?
False
Let v(l) = 55*l**2 + 7. Is v(-10) composite?
False
Let d = -55 - 39. Let p = d + 131. Is p a composite number?
False
Let d be 9/6 + (-9)/6. Let q(w) = w**3 - w**2 - w + 161. Is q(d) composite?
True
Suppose -4*l + 1 = -3. Let m be 20/6 - l/3. Let y = 14 - m. Is y a prime number?
True
Let c(q) = 4*q**2 + 6*q + 19. Is c(9) a prime number?
True
Suppose 1 = 5*k - m - 3, 2*k = 5*m + 20. Let v = k - -7. Is v a prime number?
True
Let q(k) = -8*k**2 - 7 + 0 + k**2 - k**3 + 0*k**2 - 4*k. Is q(-8) a prime number?
True
Let f(p) = -7*p + 4. Suppose -2*o + 3*u = 29, -2 = -o - u - 4. Is f(o) prime?
True
Suppose 2*q - 2774 = r, r + 0 = -4. Is q a composite number?
True
Let h(j) = 4*j - 1. Let m(r) = -5*r + 2. Let y(c) = 5*h(c) + 6*m(c). Is y(-7) a prime number?
False
Let n be 1*-3 + -6 + 5. Suppose 5*v = j - 3*j - 1, v = j - 17. Is n/j - 10/(-3) a composite number?
False
Suppose -3*l = 2*g - l - 178, -251 = -3*g + 5*l. Let p = 130 + g. Is p composite?
True
Let d(v) be the third derivative of v**6/120 + v**5/10 + 5*v**4/24 - v**3/3 - 2*v**2. Let w be d(-4). Suppose z - w = -0. Is z composite?
True
Suppose -14*i + 17*i - 7833 = 0. Is i a prime number?
False
Let h = -21 + 41. Suppose -3*p + 3*l = -9 - 0, -5*l = -h. Let a = p + 0. Is a a composite number?
False
Let m(t) = -4*t - 12. Let v be m(-6). Is 3620/v - (-6)/(-9) composite?
True
Let v = 4 + -4. Suppose 4*b = -v*b + 2*w + 26, -3*w - 29 = -4*b. Suppose 0*r = 4*r - 5*u - 236, 0 = 5*r + b*u - 295. Is r composite?
False
Suppose 0 = -3*v - 4*l - 8, -5 = 4*v + 5*l + 7. Let a(i) be the third derivative of i**6/120 + 3*i**5/20 - 7*i**4/24 - i**3/6 - i**2. Is a(v) a prime number?
False
Suppose -m = -2*y + 424, -3*y + 650 = -0*y + 2*m. Is y a composite number?
True
Suppose -3*o = -5*o + 108. Let v = o - 17. Suppose 4*i + v = 5*i. Is i composite?
False
Let b(k) = k**3 - 5*k**2 + 2*k - 2. Let u be b(5). Is 1426/18 + u/(-36) composite?
False
Let t(x) = -29*x**3 + 1. Is t(-2) a composite number?
False
Let k = 0 + -3. Is (2/(-6))/(k/1017) a prime number?
True
Let z(j) be the thir